{"id":264,"date":"2024-05-27T10:01:06","date_gmt":"2024-05-27T08:01:06","guid":{"rendered":"http:\/\/pizzato.cluster023.hosting.ovh.net\/?page_id=264"},"modified":"2024-05-27T10:02:40","modified_gmt":"2024-05-27T08:02:40","slug":"nos-pizzas-du-chef","status":"publish","type":"page","link":"http:\/\/pizzato.cluster023.hosting.ovh.net\/index.php\/our-menu\/nos-pizzas-du-chef\/","title":{"rendered":"Nos Pizzas du chef"},"content":{"rendered":"<article id=\"post-217\" class=\"wppizza-article wppizza-article-responsive  wppizza-article-first wppizza-article-nos-pizzas-du-chef wppizza-article-nos-pizzas-du-chef-14 wppizza_menu-nos-pizzas-du-chef wppizza_menu-term-14 entry-content post-217 wppizza type-wppizza status-publish hentry\"><h2 id=\"wppizza-article-1-14-217-2-0\" class=\"wppizza-article-h2\"><span class=\"wppizza-article-title\">Pizza extravagangte<\/span><\/h2><div id=\"wppizza-article-sizes-217\" class=\"wppizza-article-sizes wppizza-article-prices-2\"><ul><li id=\"wppizza-article-prices-217\" class=\"wppizza-article-prices\" ><ul><li id=\"wppizza-1-14-217-2-0\" class=\"wppizza-article-price wppizza-article-price-2-0 wppizza-price-217-0 wppizza-add-to-cart\"  title=\"Add to cart\"  data-id=\"1.14.217.2.0\" ><span class=\"\">9,50<\/span><div class=\"wppizza-article-size\">small<\/div><\/li><li id=\"wppizza-1-14-217-2-1\" class=\"wppizza-article-price wppizza-article-price-2-1 wppizza-price-217-1 wppizza-add-to-cart\"  title=\"Add to cart\"  data-id=\"1.14.217.2.1\" ><span class=\"\">14,60<\/span><div class=\"wppizza-article-size\">medium<\/div><\/li><li id=\"wppizza-1-14-217-2-2\" class=\"wppizza-article-price wppizza-article-price-2-2 wppizza-price-217-2 wppizza-add-to-cart\"  title=\"Add to cart\"  data-id=\"1.14.217.2.2\" ><span class=\"\">20,00<\/span><div class=\"wppizza-article-size\">large<\/div><\/li><\/ul><\/li><li class=\"wppizza-article-price-currency wppizza-article-price-left\">\u20ac<\/li><\/ul><\/div><p id=\"wppizza-article-content-217\" class=\"wppizza-article-content\"><img fetchpriority=\"high\" decoding=\"async\" class=\"alignnone size-medium wp-image-345\" src=\"http:\/\/pizzato.cluster023.hosting.ovh.net\/wp-content\/uploads\/2024\/05\/PIZZA-EXTRAVAGANTE1-300x223.png\" alt=\"\" width=\"300\" height=\"223\" srcset=\"http:\/\/pizzato.cluster023.hosting.ovh.net\/wp-content\/uploads\/2024\/05\/PIZZA-EXTRAVAGANTE1-300x223.png 300w, http:\/\/pizzato.cluster023.hosting.ovh.net\/wp-content\/uploads\/2024\/05\/PIZZA-EXTRAVAGANTE1-600x446.png 600w, http:\/\/pizzato.cluster023.hosting.ovh.net\/wp-content\/uploads\/2024\/05\/PIZZA-EXTRAVAGANTE1-1024x761.png 1024w, http:\/\/pizzato.cluster023.hosting.ovh.net\/wp-content\/uploads\/2024\/05\/PIZZA-EXTRAVAGANTE1-768x570.png 768w, http:\/\/pizzato.cluster023.hosting.ovh.net\/wp-content\/uploads\/2024\/05\/PIZZA-EXTRAVAGANTE1-1536x1141.png 1536w, http:\/\/pizzato.cluster023.hosting.ovh.net\/wp-content\/uploads\/2024\/05\/PIZZA-EXTRAVAGANTE1.png 1920w\" sizes=\"(max-width: 300px) 100vw, 300px\" \/>\u00a0<strong>Base sauce tomate, jambon, champignons, merguez, \u0153uf et mozzarella.<\/strong><\/p><\/article><article id=\"post-219\" class=\"wppizza-article wppizza-article-responsive  wppizza-article-nos-pizzas-du-chef wppizza-article-nos-pizzas-du-chef-14 wppizza_menu-nos-pizzas-du-chef wppizza_menu-term-14 entry-content post-219 wppizza type-wppizza status-publish hentry\"><h2 id=\"wppizza-article-1-14-219-2-0\" class=\"wppizza-article-h2\"><span class=\"wppizza-article-title\">Pizza Biggy Chicken<\/span><\/h2><div id=\"wppizza-article-sizes-219\" class=\"wppizza-article-sizes wppizza-article-prices-2\"><ul><li id=\"wppizza-article-prices-219\" class=\"wppizza-article-prices\" ><ul><li id=\"wppizza-1-14-219-2-0\" class=\"wppizza-article-price wppizza-article-price-2-0 wppizza-price-219-0 wppizza-add-to-cart\"  title=\"Add to cart\"  data-id=\"1.14.219.2.0\" ><span class=\"\">9,50<\/span><div class=\"wppizza-article-size\">small<\/div><\/li><li id=\"wppizza-1-14-219-2-1\" class=\"wppizza-article-price wppizza-article-price-2-1 wppizza-price-219-1 wppizza-add-to-cart\"  title=\"Add to cart\"  data-id=\"1.14.219.2.1\" ><span class=\"\">14,60<\/span><div class=\"wppizza-article-size\">medium<\/div><\/li><li id=\"wppizza-1-14-219-2-2\" class=\"wppizza-article-price wppizza-article-price-2-2 wppizza-price-219-2 wppizza-add-to-cart\"  title=\"Add to cart\"  data-id=\"1.14.219.2.2\" ><span class=\"\">20,00<\/span><div class=\"wppizza-article-size\">large<\/div><\/li><\/ul><\/li><li class=\"wppizza-article-price-currency wppizza-article-price-left\">\u20ac<\/li><\/ul><\/div><p id=\"wppizza-article-content-219\" class=\"wppizza-article-content\"><img decoding=\"async\" class=\"alignnone size-medium wp-image-342\" src=\"http:\/\/pizzato.cluster023.hosting.ovh.net\/wp-content\/uploads\/2024\/05\/Pizza-BIGGY-CHICKEN1-300x221.png\" alt=\"\" width=\"300\" height=\"221\" srcset=\"http:\/\/pizzato.cluster023.hosting.ovh.net\/wp-content\/uploads\/2024\/05\/Pizza-BIGGY-CHICKEN1-300x221.png 300w, http:\/\/pizzato.cluster023.hosting.ovh.net\/wp-content\/uploads\/2024\/05\/Pizza-BIGGY-CHICKEN1-600x443.png 600w, http:\/\/pizzato.cluster023.hosting.ovh.net\/wp-content\/uploads\/2024\/05\/Pizza-BIGGY-CHICKEN1.png 722w\" sizes=\"(max-width: 300px) 100vw, 300px\" \/>\r\n\r\n<strong>Base cr\u00e8me, poulet, pommes de terre, mozzarella, tenders, cheddar et sauce burger<\/strong><\/p><\/article><article id=\"post-220\" class=\"wppizza-article wppizza-article-responsive  wppizza-article-nos-pizzas-du-chef wppizza-article-nos-pizzas-du-chef-14 wppizza_menu-nos-pizzas-du-chef wppizza_menu-term-14 entry-content post-220 wppizza type-wppizza status-publish hentry\"><h2 id=\"wppizza-article-1-14-220-2-0\" class=\"wppizza-article-h2\"><span class=\"wppizza-article-title\">Pizza FG<\/span><sup id=\"wppizza-article-ftypes-220\" class=\"wppizza-article-ftypes wppizza-article-ftypes-icons\"><span id=\"wppizza-ftype-220-5\" class=\"wppizza-ftype wppizza-ftype-5 wppizza-ftype-icon wppizza-ftype-halal\"  title=\"Halal\" >Hl<\/span><\/sup><\/h2><div id=\"wppizza-article-sizes-220\" class=\"wppizza-article-sizes wppizza-article-prices-2\"><ul><li id=\"wppizza-article-prices-220\" class=\"wppizza-article-prices\" ><ul><li id=\"wppizza-1-14-220-2-0\" class=\"wppizza-article-price wppizza-article-price-2-0 wppizza-price-220-0 wppizza-add-to-cart\"  title=\"Add to cart\"  data-id=\"1.14.220.2.0\" ><span class=\"\">9,00<\/span><div class=\"wppizza-article-size\">small<\/div><\/li><li id=\"wppizza-1-14-220-2-1\" class=\"wppizza-article-price wppizza-article-price-2-1 wppizza-price-220-1 wppizza-add-to-cart\"  title=\"Add to cart\"  data-id=\"1.14.220.2.1\" ><span class=\"\">14,60<\/span><div class=\"wppizza-article-size\">medium<\/div><\/li><li id=\"wppizza-1-14-220-2-2\" class=\"wppizza-article-price wppizza-article-price-2-2 wppizza-price-220-2 wppizza-add-to-cart\"  title=\"Add to cart\"  data-id=\"1.14.220.2.2\" ><span class=\"\">20,00<\/span><div class=\"wppizza-article-size\">large<\/div><\/li><\/ul><\/li><li class=\"wppizza-article-price-currency wppizza-article-price-left\">\u20ac<\/li><\/ul><\/div><p id=\"wppizza-article-content-220\" class=\"wppizza-article-content\"><img decoding=\"async\" class=\"alignnone size-medium wp-image-346\" src=\"http:\/\/pizzato.cluster023.hosting.ovh.net\/wp-content\/uploads\/2024\/05\/PIZZA-FG-1-300x223.png\" alt=\"\" width=\"300\" height=\"223\" \/><strong>Base cr\u00e8me, poulet roti,lardons, mozzarella, tomates cerises.<\/strong><\/p><\/article><article id=\"post-358\" class=\"wppizza-article wppizza-article-responsive  wppizza-article-nos-pizzas-du-chef wppizza-article-nos-pizzas-du-chef-14 wppizza_menu-nos-pizzas-du-chef wppizza_menu-term-14 entry-content post-358 wppizza type-wppizza status-publish hentry\"><h2 id=\"wppizza-article-1-14-358-2-0\" class=\"wppizza-article-h2\"><span class=\"wppizza-article-title\">Pizza Curry<\/span><\/h2><div id=\"wppizza-article-sizes-358\" class=\"wppizza-article-sizes wppizza-article-prices-2\"><ul><li id=\"wppizza-article-prices-358\" class=\"wppizza-article-prices\" ><ul><li id=\"wppizza-1-14-358-2-0\" class=\"wppizza-article-price wppizza-article-price-2-0 wppizza-price-358-0 wppizza-add-to-cart\"  title=\"Add to cart\"  data-id=\"1.14.358.2.0\" ><span class=\"\">9,50<\/span><div class=\"wppizza-article-size\">small<\/div><\/li><li id=\"wppizza-1-14-358-2-1\" class=\"wppizza-article-price wppizza-article-price-2-1 wppizza-price-358-1 wppizza-add-to-cart\"  title=\"Add to cart\"  data-id=\"1.14.358.2.1\" ><span class=\"\">14,60<\/span><div class=\"wppizza-article-size\">medium<\/div><\/li><li id=\"wppizza-1-14-358-2-2\" class=\"wppizza-article-price wppizza-article-price-2-2 wppizza-price-358-2 wppizza-add-to-cart\"  title=\"Add to cart\"  data-id=\"1.14.358.2.2\" ><span class=\"\">19,40<\/span><div class=\"wppizza-article-size\">large<\/div><\/li><\/ul><\/li><li class=\"wppizza-article-price-currency wppizza-article-price-left\">\u20ac<\/li><\/ul><\/div><p id=\"wppizza-article-content-358\" class=\"wppizza-article-content\"><div class=\"gb p2\"><\/div>\r\n<div class=\"rb\">\r\n<div class=\"be bf g1 dj rc rd bl\">\u00c9minc\u00e9 de poulet r\u00f4ti, sauce curry, mozzarella et oignons.<\/div>\r\n<\/div>\r\n<div class=\"gb p2\"><\/div><\/p><\/article><article id=\"post-359\" class=\"wppizza-article wppizza-article-responsive  wppizza-article-nos-pizzas-du-chef wppizza-article-nos-pizzas-du-chef-14 wppizza_menu-nos-pizzas-du-chef wppizza_menu-term-14 entry-content post-359 wppizza type-wppizza status-publish hentry\"><h2 id=\"wppizza-article-1-14-359-2-0\" class=\"wppizza-article-h2\"><span class=\"wppizza-article-title\">Pizza boursin<\/span><\/h2><div id=\"wppizza-article-sizes-359\" class=\"wppizza-article-sizes wppizza-article-prices-2\"><ul><li id=\"wppizza-article-prices-359\" class=\"wppizza-article-prices\" ><ul><li id=\"wppizza-1-14-359-2-0\" class=\"wppizza-article-price wppizza-article-price-2-0 wppizza-price-359-0 wppizza-add-to-cart\"  title=\"Add to cart\"  data-id=\"1.14.359.2.0\" ><span class=\"\">9,50<\/span><div class=\"wppizza-article-size\">small<\/div><\/li><li id=\"wppizza-1-14-359-2-1\" class=\"wppizza-article-price wppizza-article-price-2-1 wppizza-price-359-1 wppizza-add-to-cart\"  title=\"Add to cart\"  data-id=\"1.14.359.2.1\" ><span class=\"\">14,60<\/span><div class=\"wppizza-article-size\">medium<\/div><\/li><li id=\"wppizza-1-14-359-2-2\" class=\"wppizza-article-price wppizza-article-price-2-2 wppizza-price-359-2 wppizza-add-to-cart\"  title=\"Add to cart\"  data-id=\"1.14.359.2.2\" ><span class=\"\">19,40<\/span><div class=\"wppizza-article-size\">large<\/div><\/li><\/ul><\/li><li class=\"wppizza-article-price-currency wppizza-article-price-left\">\u20ac<\/li><\/ul><\/div><p id=\"wppizza-article-content-359\" class=\"wppizza-article-content\"><strong>Base cr\u00e8me, mozzarella, poulet, poivrons, oignons<\/strong><\/p><\/article><article id=\"post-360\" class=\"wppizza-article wppizza-article-responsive  wppizza-article-nos-pizzas-du-chef wppizza-article-nos-pizzas-du-chef-14 wppizza_menu-nos-pizzas-du-chef wppizza_menu-term-14 entry-content post-360 wppizza type-wppizza status-publish hentry\"><h2 id=\"wppizza-article-1-14-360-2-0\" class=\"wppizza-article-h2\"><span class=\"wppizza-article-title\">Pizza Basilico<\/span><\/h2><div id=\"wppizza-article-sizes-360\" class=\"wppizza-article-sizes wppizza-article-prices-2\"><ul><li id=\"wppizza-article-prices-360\" class=\"wppizza-article-prices\" ><ul><li id=\"wppizza-1-14-360-2-0\" class=\"wppizza-article-price wppizza-article-price-2-0 wppizza-price-360-0 wppizza-add-to-cart\"  title=\"Add to cart\"  data-id=\"1.14.360.2.0\" ><span class=\"\">9,50<\/span><div class=\"wppizza-article-size\">small<\/div><\/li><li id=\"wppizza-1-14-360-2-1\" class=\"wppizza-article-price wppizza-article-price-2-1 wppizza-price-360-1 wppizza-add-to-cart\"  title=\"Add to cart\"  data-id=\"1.14.360.2.1\" ><span class=\"\">14,60<\/span><div class=\"wppizza-article-size\">medium<\/div><\/li><li id=\"wppizza-1-14-360-2-2\" class=\"wppizza-article-price wppizza-article-price-2-2 wppizza-price-360-2 wppizza-add-to-cart\"  title=\"Add to cart\"  data-id=\"1.14.360.2.2\" ><span class=\"\">19,40<\/span><div class=\"wppizza-article-size\">large<\/div><\/li><\/ul><\/li><li class=\"wppizza-article-price-currency wppizza-article-price-left\">\u20ac<\/li><\/ul><\/div><p id=\"wppizza-article-content-360\" class=\"wppizza-article-content\"><strong>Base sauce tomate, mozzarella, champignons, pestou, basilic<\/strong><\/p><\/article><article id=\"post-361\" class=\"wppizza-article wppizza-article-responsive  wppizza-article-nos-pizzas-du-chef wppizza-article-nos-pizzas-du-chef-14 wppizza_menu-nos-pizzas-du-chef wppizza_menu-term-14 entry-content post-361 wppizza type-wppizza status-publish hentry\"><h2 id=\"wppizza-article-1-14-361-2-0\" class=\"wppizza-article-h2\"><span class=\"wppizza-article-title\">Twin touch<\/span><\/h2><div id=\"wppizza-article-sizes-361\" class=\"wppizza-article-sizes wppizza-article-prices-2\"><ul><li id=\"wppizza-article-prices-361\" class=\"wppizza-article-prices\" ><ul><li id=\"wppizza-1-14-361-2-0\" class=\"wppizza-article-price wppizza-article-price-2-0 wppizza-price-361-0 wppizza-add-to-cart\"  title=\"Add to cart\"  data-id=\"1.14.361.2.0\" ><span class=\"\">9,50<\/span><div class=\"wppizza-article-size\">small<\/div><\/li><li id=\"wppizza-1-14-361-2-1\" class=\"wppizza-article-price wppizza-article-price-2-1 wppizza-price-361-1 wppizza-add-to-cart\"  title=\"Add to cart\"  data-id=\"1.14.361.2.1\" ><span class=\"\">14,60<\/span><div class=\"wppizza-article-size\">medium<\/div><\/li><li id=\"wppizza-1-14-361-2-2\" class=\"wppizza-article-price wppizza-article-price-2-2 wppizza-price-361-2 wppizza-add-to-cart\"  title=\"Add to cart\"  data-id=\"1.14.361.2.2\" ><span class=\"\">19,40<\/span><div class=\"wppizza-article-size\">large<\/div><\/li><\/ul><\/li><li class=\"wppizza-article-price-currency wppizza-article-price-left\">\u20ac<\/li><\/ul><\/div><p id=\"wppizza-article-content-361\" class=\"wppizza-article-content\"><h1 style=\"text-align: left;\"><strong><img loading=\"lazy\" decoding=\"async\" class=\"wp-image-364 size-full\" src=\"http:\/\/pizzato.cluster023.hosting.ovh.net\/wp-content\/uploads\/2024\/05\/Twin-touch.png\" alt=\"\" width=\"667\" height=\"141\" srcset=\"http:\/\/pizzato.cluster023.hosting.ovh.net\/wp-content\/uploads\/2024\/05\/Twin-touch.png 667w, http:\/\/pizzato.cluster023.hosting.ovh.net\/wp-content\/uploads\/2024\/05\/Twin-touch-600x127.png 600w, http:\/\/pizzato.cluster023.hosting.ovh.net\/wp-content\/uploads\/2024\/05\/Twin-touch-300x63.png 300w\" sizes=\"(max-width: 667px) 100vw, 667px\" \/><\/strong><\/h1>\r\n<p style=\"text-align: center;\"><em>Prix des Ingr\u00e9dients suppl\u00e9mentaires:<\/em>\r\nPizza Junior: <strong>0,80 Euros<\/strong>\r\nPizza S\u00e9nior <strong>1,10 Euros<\/strong>\r\nPizza M\u00e9gas:<strong> 1,70 Euros<\/strong><\/p>\r\n<strong><img loading=\"lazy\" decoding=\"async\" class=\"size-medium wp-image-363 aligncenter\" src=\"http:\/\/pizzato.cluster023.hosting.ovh.net\/wp-content\/uploads\/2024\/05\/PERSONALISE-300x291.png\" alt=\"\" width=\"300\" height=\"291\" srcset=\"http:\/\/pizzato.cluster023.hosting.ovh.net\/wp-content\/uploads\/2024\/05\/PERSONALISE-300x291.png 300w, http:\/\/pizzato.cluster023.hosting.ovh.net\/wp-content\/uploads\/2024\/05\/PERSONALISE-600x582.png 600w, http:\/\/pizzato.cluster023.hosting.ovh.net\/wp-content\/uploads\/2024\/05\/PERSONALISE-768x745.png 768w, http:\/\/pizzato.cluster023.hosting.ovh.net\/wp-content\/uploads\/2024\/05\/PERSONALISE.png 910w\" sizes=\"(max-width: 300px) 100vw, 300px\" \/><\/strong><\/p><\/article><article id=\"post-373\" class=\"wppizza-article wppizza-article-responsive  wppizza-article-last wppizza-article-nos-pizzas-du-chef wppizza-article-nos-pizzas-du-chef-14 wppizza_menu-nos-pizzas-du-chef wppizza_menu-term-14 entry-content post-373 wppizza type-wppizza status-publish hentry\"><h2 id=\"wppizza-article-1-14-373-2-0\" class=\"wppizza-article-h2\"><span class=\"wppizza-article-title\">Pizza Carnivore<\/span><\/h2><div id=\"wppizza-article-sizes-373\" class=\"wppizza-article-sizes wppizza-article-prices-2\"><ul><li id=\"wppizza-article-prices-373\" class=\"wppizza-article-prices\" ><ul><li id=\"wppizza-1-14-373-2-0\" class=\"wppizza-article-price wppizza-article-price-2-0 wppizza-price-373-0 wppizza-add-to-cart\"  title=\"Add to cart\"  data-id=\"1.14.373.2.0\" ><span class=\"\">9,50<\/span><div class=\"wppizza-article-size\">small<\/div><\/li><li id=\"wppizza-1-14-373-2-1\" class=\"wppizza-article-price wppizza-article-price-2-1 wppizza-price-373-1 wppizza-add-to-cart\"  title=\"Add to cart\"  data-id=\"1.14.373.2.1\" ><span class=\"\">14,60<\/span><div class=\"wppizza-article-size\">medium<\/div><\/li><li id=\"wppizza-1-14-373-2-2\" class=\"wppizza-article-price wppizza-article-price-2-2 wppizza-price-373-2 wppizza-add-to-cart\"  title=\"Add to cart\"  data-id=\"1.14.373.2.2\" ><span class=\"\">19,40<\/span><div class=\"wppizza-article-size\">large<\/div><\/li><\/ul><\/li><li class=\"wppizza-article-price-currency wppizza-article-price-left\">\u20ac<\/li><\/ul><\/div><p id=\"wppizza-article-content-373\" class=\"wppizza-article-content\"><strong>Sauce tomate, sauce BBQ, mozzarella, b\u0153uf, poulet r\u00f4ti, \u0153uf.<\/strong><\/p><\/article>\n","protected":false},"excerpt":{"rendered":"","protected":false},"author":1,"featured_media":0,"parent":36,"menu_order":0,"comment_status":"closed","ping_status":"closed","template":"","meta":{"_regular_price":[],"currency_symbol":[],"_mbp_gutenberg_autopost":false,"footnotes":""},"class_list":["post-264","page","type-page","status-publish","hentry"],"post_slider_layout_featured_media_urls":{"thumbnail":"","post_slider_layout_landscape_large":"","post_slider_layout_portrait_large":"","post_slider_layout_square_large":"","post_slider_layout_landscape":"","post_slider_layout_portrait":"","post_slider_layout_square":"","full":""},"_links":{"self":[{"href":"http:\/\/pizzato.cluster023.hosting.ovh.net\/index.php\/wp-json\/wp\/v2\/pages\/264","targetHints":{"allow":["GET"]}}],"collection":[{"href":"http:\/\/pizzato.cluster023.hosting.ovh.net\/index.php\/wp-json\/wp\/v2\/pages"}],"about":[{"href":"http:\/\/pizzato.cluster023.hosting.ovh.net\/index.php\/wp-json\/wp\/v2\/types\/page"}],"author":[{"embeddable":true,"href":"http:\/\/pizzato.cluster023.hosting.ovh.net\/index.php\/wp-json\/wp\/v2\/users\/1"}],"replies":[{"embeddable":true,"href":"http:\/\/pizzato.cluster023.hosting.ovh.net\/index.php\/wp-json\/wp\/v2\/comments?post=264"}],"version-history":[{"count":3,"href":"http:\/\/pizzato.cluster023.hosting.ovh.net\/index.php\/wp-json\/wp\/v2\/pages\/264\/revisions"}],"predecessor-version":[{"id":267,"href":"http:\/\/pizzato.cluster023.hosting.ovh.net\/index.php\/wp-json\/wp\/v2\/pages\/264\/revisions\/267"}],"up":[{"embeddable":true,"href":"http:\/\/pizzato.cluster023.hosting.ovh.net\/index.php\/wp-json\/wp\/v2\/pages\/36"}],"wp:attachment":[{"href":"http:\/\/pizzato.cluster023.hosting.ovh.net\/index.php\/wp-json\/wp\/v2\/media?parent=264"}],"curies":[{"name":"wp","href":"https:\/\/api.w.org\/{rel}","templated":true}]}}